) = -y**3 - 6*y**2 - 6*y - 4. Let s = 6 + -11. Determine h(s).
1
Let q(r) = -r**3 + 3*r**2 + r - 4. Let c be (3 + -3 + -3)*-1. Calculate q(c).
-1
Let h(y) be the third derivative of -y**8/20160 - y**7/630 - y**6/120 + y**5/15 - 2*y**2. Let b(o) be the third derivative of h(o). Calculate b(-4).
10
Let g(s) = -s**3 - 9*s**2 + 3. Suppose h = -3*h - 36. Determine g(h).
3
Let x(k) = -3*k**3 - k**2 - k + 1. Let b be 7/((-21)/(-6)) - 1. Let l be b + 0/(12/(-3)). What is x(l)?
-4
Let k(l) = -l**3 + 10*l**2 - 7*l - 13. Suppose 8*i - 26 - 46 = 0. Determine k(i).
5
Let z(d) be the second derivative of d**5/60 - d**4/12 + d**3/2 - 3*d. Let b(y) be the second derivative of z(y). Let l be 6/(-3)*(-6)/(-4). What is b(l)?
-8
Let x(i) be the second derivative of -i**4/12 + 7*i**3/6 + i**2/2 + 3*i. Calculate x(8).
-7
Let w = 15 + -9. Let q(k) = 7*k**3 - k. Let s(r) = -20*r**3 + 3*r. Let x(g) = w*s(g) + 17*q(g). What is x(-1)?
0
Let i(b) = -b**2 - 8*b - 9. Let h be i(-7). Let m = 2 + h. Let v(g) = 9*g**2 - 122 - 10*g**2 + 116. What is v(m)?
-6
Let d(a) = a**3 - 4*a**2 + 3*a - 5. Let o be (-45)/(-120) - (-29)/8. What is d(o)?
7
Suppose -5*h - 20 = t, 4*h = -t + 2*t + 2. Let b = t - -4. Let j(z) = z**3 + 7*z**2 + 4*z - 7. Calculate j(b).
5
Let m(i) = 0*i - i + 5 - 1. Suppose 0 = -3*c + 9*c. Give m(c).
4
Let c(v) = -3*v**2 + v - 4 + 6 - 1. Give c(-2).
-13
Let z(w) = w**2 - 5*w + 7. Let u be ((-32)/(-24))/((-2)/(-18)). Let r = u + -7. Give z(r).
7
Let y = 18 - 15. Suppose -5 = 2*r + y. Let v(j) = j**2. Determine v(r).
16
Let m(d) = -7*d + 5*d + 4 + 3*d. Determine m(0).
4
Let f = 19 + -17. Let n(j) = -5*j + f - j**2 + 3*j + 4*j. Let i be 1/(1/3 - 0). What is n(i)?
-1
Let n(r) = -r**3 - 5*r**2 + r + 1. Let u(h) = h - 11. Let f be u(6). What is n(f)?
-4
Let t(o) = 2*o**2 - 2. Suppose -5*r = -3*v - 47, -r - 2*v + 3*v + 11 = 0. Let h = 5 - r. What is t(h)?
6
Let o(n) = 6*n + 11. Let p(q) = 3*q + 6. Let d(s) = 4*o(s) - 7*p(s). Let u = 5 - 9. Determine d(u).
-10
Let w(l) = l**3 - 9*l**2 + l - 3. Let r be w(9). Suppose a = -a + r. Let n(i) = -i - 1. Let q(h) = -4*h. Let j(z) = a*n(z) - q(z). What is j(5)?
2
Let v(s) = 2*s**2 + 2*s - 1. Let o be (0 - -1)*0/3. Let l = o + 1. Calculate v(l).
3
Suppose 3*x + 5 = 20. Let s(q) = -q**3 + 2*q**2 + q - 3. Let a(p) = 2*p**3 - 5*p**2 - 2*p + 5. Let v(h) = -3*a(h) - 5*s(h). Give v(x).
5
Suppose 0 = -2*x - 2*x - 24. Let v be 8 + x*1/2. Let t(r) = v*r - 2*r**2 - 4*r - 1 - r**3 + r**3 - r**3. What is t(-2)?
-3
Let o(b) = -33*b**3 - 2 - 4*b**2 + 0*b - 2*b + 32*b**3. What is o(-4)?
6
Suppose -3*l + d + 14 = 0, -10 = 3*d + 2*d. Let q(y) = 4*y + l + y - 4*y + 0*y. Give q(0).
4
Let n(d) be the second derivative of -d**6/360 + d**5/24 - d**4/8 + d**3/3 - 2*d. Let s(r) be the second derivative of n(r). What is s(3)?
3
Let v(z) = z**3 + 8*z**2 + 7*z + 6. Let m be -7 - 0/(-1 + 6). Give v(m).
6
Let p(a) be the second derivative of a**3/6 + 13*a**2/2 + 3*a. Give p(-6).
7
Let v(m) = m**2 - m - 5. Let j be (7 - (-3 + 6))*1. Give v(j).
7
Let z(m) = -3*m**3 - 2*m**2 + 9*m - 6. Let q(t) = 8*t**3 + 7*t**2 - 26*t + 17. Let r(a) = -4*q(a) - 11*z(a). What is r(5)?
-2
Let t(w) = -w**2 - 5*w - 6. Let u = -6 + 0. Let l be 4/(-6) + 26/u. What is t(l)?
-6
Let p(k) = k + 1. Let n(v) = v**3 - 4*v**2 - 6*v + 1. Suppose -3*a + 4*j + 15 - 4 = 0, -a + 6 = j. Suppose f = 2*f - a. Let i be n(f). Give p(i).
-3
Let p(v) = -v - 1. Let j(m) = -6*m - 2. Let w(r) = -j(r) + 8*p(r). Suppose 3*n + 0*l = 2*l - 28, l = 5. Give w(n).
6
Let z(v) be the third derivative of -3*v**4/8 + v**3/2 - 3*v**2 - v. Give z(2).
-15
Suppose 0 = -r - 2*c + 1, 0*c = -3*r - 5*c. Let l(n) = n - n**2 + 1 - 5*n + 3*n. Let s(k) = k**2 - k + 2. Let u(h) = -2*l(h) - s(h). Determine u(r).
6
Let q(u) = -4*u**2 + u**3 - 5 + 4 - 4 + 3*u. Suppose -a + 0 = 3*z - 7, 21 = 4*z - a. Give q(z).
7
Let l(f) = -2*f + 1. Let x be ((-36)/(-10))/(6/(-20)). Let d be -4*(15/x - -1). Let w = d - 2. What is l(w)?
3
Let u = 5 + -2. Let i(a) = 11*a**2 + 2*a - 9*a**2 - u*a - a. Let n be i(2). Let q(s) = -s**3 + 4*s**2 + 1. Calculate q(n).
1
Suppose 6*g - 2*g - 18 = -2*n, 12 = 3*g. Let p(l) = 0*l - 2*l**2 - 3*l - 3*l**2 + 1 + n - l**3. Determine p(-3).
-7
Let j(h) = -h**3 + 8*h**3 - 5 + 6*h**2 + h - 6*h**3. Calculate j(-5).
15
Let p(b) = b**2 - 15*b - 15. Let c(n) = 2*n**2 - 14*n - 16. Let o(z) = 2*c(z) - 3*p(z). What is o(-16)?
-3
Let v = -231 + 165. Let p be v/(-24) - (-1)/4. Let k(d) = 4 - 2 - p + 2 + d. Calculate k(0).
1
Let y(k) = 5 + 5 + k - 9. Suppose -2*l - 8 = 0, 0 = 2*r - 4*l - l - 16. Determine y(r).
-1
Let a(f) = f**3 + f**2 - f - 5. Suppose -5*l = -j - 2*l - 11, -9 = -5*j - l. Let z = j + -1. Give a(z).
-5
Let p(g) = g**2 + 10*g + 13. Suppose 120 = -10*o + 30. Calculate p(o).
4
Let i(k) = k**2 + 4*k + 7. Suppose 0*z + 4*h = -z - 22, z + h + 10 = 0. Determine i(z).
19
Let k(z) = z**3 + 7*z**2 + 6*z. Let j(w) = -2*w**2 + 2. Let p be j(2). What is k(p)?
0
Let m(o) be the second derivative of -o**5/20 - o**4/3 + 2*o**3/3 - 5*o**2/2 + o. Suppose -10 = -0*h - 5*h. Suppose -6*a + h*a - 20 = 0. Calculate m(a).
0
Let z(o) = -4*o - 15. Let y(d) = -5*d - 17. Let t(c) = 6*y(c) - 7*z(c). Calculate t(-6).
15
Let i(d) = -d**3 + 6*d**2 + 2*d + 1. Let u be (352/24)/11*(-9)/(-2). Give i(u).
13
Let c = -16 + 31. Let n be c/(-1) + 1/1. Let i = -9 - n. Let j(z) = -z**2 + 5*z - 5. Give j(i).
-5
Let k(r) be the second derivative of 11*r**5/20 + r**4/12 + r**3/6 + r**2/2 + 5*r. What is k(-1)?
-10
Suppose 0*b + 2*b = 4. Let m(x) = -5*x**2 - 2*x**b + 6*x**2 + 2*x**3 - x**2. Suppose 3*d + 2*d - 10 = 0. Determine m(d).
8
Let h(i) = -i**2 + 3*i - 3. Suppose -4*r = 5*g + 8, -r - r + 3*g = -18. Let y(a) = r*a + 1 - a - 2. Let d be y(2). Give h(d).
-3
Let r(h) = -13*h**2 - 33*h - 21. Let z(q) = -3*q**2 - 8*q - 5. Let m(w) = 2*r(w) - 9*z(w). Calculate m(-4).
-5
Let c(y) = 8*y - 8. Let l(w) = 9*w - 9. Let b(p) = -6*c(p) + 5*l(p). Suppose 4*m - 4*h = 8, 3 = 10*h - 7*h. Determine b(m).
-6
Let m(l) be the second derivative of l**5/5 - l**4/12 - l**3/6 - 4*l. Suppose 3*b + 5*s + 28 = 0, -4*b + 0*s - 14 = 2*s. What is m(b)?
-4
Let d(f) = -2*f + 7. Let y(w) = -8*w - 6*w**2 - 7 + 5*w**2 + 1. Let h be y(-6). Give d(h).
-5
Let n(j) = -2*j + 5 + 4 + 3*j. Let i be n(-7). Let z(d) = -2 - 2*d + d**i + 2. Calculate z(2).
0
Let w = -60 + 67. Let u(v) = -v**3 + 6*v**2 + 9*v - 8. What is u(w)?
6
Let u(a) = a**3 - 6*a**2 + 5*a - 1. Suppose 4*t - 5*j - 40 = 0, -t - 4*t + 5*j + 45 = 0. Suppose c + 0 = t. What is u(c)?
-1
Let c be 59/3 - 8/(-24). Let s(k) = c*k - 16*k - k**3 - 5*k**2 - 6 + 2*k**3 + 3. Give s(4).
-3
Suppose 5*u = 16 + 4. Let o = u + -6. Let m(g) = 3*g - 2 + 3 + g**2 - 2*g. Determine m(o).
3
Let y be -6 - -6 - (-2 + -3). Let b(z) = -z + 10. What is b(y)?
5
Let u = -3 + 7. Let r(j) = -7 - 3*j**2 + u*j**2 - 7*j - 2*j**2. Suppose -f - 14 = f + 4*o, 2*o - 8 = 2*f. Give r(f).
3
Let o(v) = -2*v + 3*v**2 + 3*v**2 + v - v**3. Let b(n) = -2*n**2 - 2*n + 8. Let h be b(-4). Let p be 32/6 + h/(-24). Calculate o(p).
-6
Let r(q) = -q - 3. Suppose -4*o = -4*j - 8, -j = -4*o - 3*j + 38. Determine r(o).
-10
Let q(a) = -a**3 + a**2 - a + 5. Let l be -1*0/(3/(-3)). Calculate q(l).
5
Let x(j) = -j - 2. Let z(s) = s - 5. Let r be z(4). Let y be 5 + r + -1 + 2. Determine x(y).
-7
Suppose 4 = k + 14. Let j(q) = -q**3 - 11*q**2 - 10*q + 4. What is j(k)?
4
Let m(z) = -z**3 - z - 7*z + 6*z**2 - 6*z + 2 + 8*z. What is m(5)?
-3
Let g(z) be the second derivative of -z**5/5 + z**2/2 + 2*z. Determine g(1).
-3
Let l(r) be the second derivative of r**3/6 - r**2 + 2*r. Let m(b) = -3*b + 63. Let f be m(22). What is l(f)?
-5
Let r(d) = -d**3 + 3*d**2 + d. Let q be ((-5)/(-15))/(-1*3/(-27)). Calculate r(q).
3
Let a(c) = -6 + 7 + c - 3*c. Let r be (1 - -1 - 1)*4. What is a(r)?
-7
Let q(h) = 6*h**2 + h + 1. Let r = -10 - -9. Determine q(r).
6
Let n(x) = -x + 2. Suppose 0 = 3*h - 4*a - 91, 2*h = 4*h - 5*a - 70. Let d = -13 + h. Let w = d + -8. Calculate n(w).
-2
Let v = 37/54 + 4/27. Let l(a) be the second derivative of -a + 2*a**2 - v*a**3 + 0 + 1/12*a**4. Give l(5).
4
Let h(b) = -6*b**2 + 2*b + 1. Let j(c) = 6*c**2 - 2*c - 1. Let f(l) = 5*h(l) + 6*j(l). Suppose 6*s = 8 - 14. Calculate f(s).
7
Let y(u) = -4*u + 2. Let k(i) = -i**3 - 2*i**2 + i - 1. Let h(z) = -2*z**3 - 5*z**2 + 2*z - 1. Let